{"id":255,"date":"2021-05-05T11:44:07","date_gmt":"2021-05-05T16:44:07","guid":{"rendered":"https:\/\/www.bomberosyopal.com\/inicio\/?page_id=255"},"modified":"2021-05-05T11:44:07","modified_gmt":"2021-05-05T16:44:07","slug":"2020-2021","status":"publish","type":"page","link":"https:\/\/www.bomberosyopal.com\/inicio\/2020-2021\/","title":{"rendered":"2020-2021"},"content":{"rendered":"<h1 style=\"text-align: center;\">Documentos Balances y P y G<\/h1>\n<h2 style=\"text-align: center;\">Descargar: <span style=\"color: #ff6600;\"><a style=\"color: #ff6600;\" href=\"https:\/\/www.bomberosyopal.com\/inicio\/wp-content\/uploads\/2021\/05\/ESTADO-DE-SITUACION-FINANCIERA-COMPARATIVO-PUBLICACI\u00d3N.pdf\">ESTADO DE SITUACION FINANCIERA COMPARATIVO PUBLICACI\u00d3NESTADO CAMBIOS EN EL PATRIMONIO<\/a><\/span><\/h2>\n<h2 style=\"text-align: center;\">Descargar: <span style=\"color: #ff6600;\"><a style=\"color: #ff6600;\" href=\"https:\/\/www.bomberosyopal.com\/inicio\/wp-content\/uploads\/2021\/05\/ESTADO-DE-RESULTADO-INTEGRAL-COMPARATIVO-PUBLICACI\u00d3N.pdf\">ESTADO DE RESULTADO INTEGRAL COMPARATIVO PUBLICACI\u00d3N<\/a><\/span><\/h2>\n<h2 style=\"text-align: center;\">Descargar: <span style=\"color: #ff6600;\"><a style=\"color: #ff6600;\" href=\"https:\/\/www.bomberosyopal.com\/inicio\/wp-content\/uploads\/2021\/05\/ESTADO-DE-FLUJO-DE-EFECTIVO-METODO-DIRECTO-PUBLICACI\u00d3N-1.pdf\">ESTADO DE FLUJO DE EFECTIVO METODO DIRECTO PUBLICACI\u00d3N (1)<\/a><\/span><\/h2>\n<h2 style=\"text-align: center;\">Descargar: <span style=\"color: #ff6600;\"><a style=\"color: #ff6600;\" href=\"https:\/\/www.bomberosyopal.com\/inicio\/wp-content\/uploads\/2021\/05\/ESTADO-DE-FLUJO-DE-EFECTIVO-METODO-DIRECTO-PUBLICACI\u00d3N.pdf\">ESTADO DE FLUJO DE EFECTIVO METODO DIRECTO PUBLICACI\u00d3N<\/a><\/span><\/h2>\n<h2 style=\"text-align: center;\">Descargar: <span style=\"color: #ff6600;\"><a style=\"color: #ff6600;\" href=\"https:\/\/www.bomberosyopal.com\/inicio\/wp-content\/uploads\/2021\/05\/ESTADO-DE-CAMBIOS-EN-EL-PATRIMONIO-COMPARATIVO-PUBLICACI\u00d3N.pdf\">ESTADO DE CAMBIOS EN EL PATRIMONIO COMPARATIVO PUBLICACI\u00d3N<\/a><\/span><\/h2>\n","protected":false},"excerpt":{"rendered":"<p>Documentos Balances y P y G Descargar: ESTADO DE SITUACION FINANCIERA COMPARATIVO PUBLICACI\u00d3NESTADO CAMBIOS EN EL PATRIMONIO Descargar: ESTADO DE RESULTADO INTEGRAL COMPARATIVO PUBLICACI\u00d3N Descargar: ESTADO DE FLUJO DE EFECTIVO METODO DIRECTO PUBLICACI\u00d3N (1) Descargar: ESTADO DE FLUJO DE EFECTIVO METODO DIRECTO PUBLICACI\u00d3N Descargar: ESTADO DE CAMBIOS EN EL PATRIMONIO COMPARATIVO PUBLICACI\u00d3N<\/p>\n","protected":false},"author":1,"featured_media":0,"parent":0,"menu_order":0,"comment_status":"closed","ping_status":"closed","template":"","meta":{"footnotes":""},"class_list":["post-255","page","type-page","status-publish","hentry"],"_links":{"self":[{"href":"https:\/\/www.bomberosyopal.com\/inicio\/wp-json\/wp\/v2\/pages\/255","targetHints":{"allow":["GET"]}}],"collection":[{"href":"https:\/\/www.bomberosyopal.com\/inicio\/wp-json\/wp\/v2\/pages"}],"about":[{"href":"https:\/\/www.bomberosyopal.com\/inicio\/wp-json\/wp\/v2\/types\/page"}],"author":[{"embeddable":true,"href":"https:\/\/www.bomberosyopal.com\/inicio\/wp-json\/wp\/v2\/users\/1"}],"replies":[{"embeddable":true,"href":"https:\/\/www.bomberosyopal.com\/inicio\/wp-json\/wp\/v2\/comments?post=255"}],"version-history":[{"count":1,"href":"https:\/\/www.bomberosyopal.com\/inicio\/wp-json\/wp\/v2\/pages\/255\/revisions"}],"predecessor-version":[{"id":257,"href":"https:\/\/www.bomberosyopal.com\/inicio\/wp-json\/wp\/v2\/pages\/255\/revisions\/257"}],"wp:attachment":[{"href":"https:\/\/www.bomberosyopal.com\/inicio\/wp-json\/wp\/v2\/media?parent=255"}],"curies":[{"name":"wp","href":"https:\/\/api.w.org\/{rel}","templated":true}]}}